{"id":33,"date":"2020-08-24T13:35:58","date_gmt":"2020-08-24T10:35:58","guid":{"rendered":"http:\/\/arefproje.com\/?page_id=33"},"modified":"2020-08-24T13:35:58","modified_gmt":"2020-08-24T10:35:58","slug":"vizyon-ve-misyon","status":"publish","type":"page","link":"https:\/\/arefproje.com\/?page_id=33","title":{"rendered":"Vizyon ve Misyon"},"content":{"rendered":"\n<p><\/p>\n\n\n\n<p><strong>Vizyonumuz,<\/strong><\/p>\n\n\n\n<p>De\u011fer katan,<br>ilham veren,<br>tercih edilen,<br>performans\u0131na ve insan kayna\u011f\u0131na \u00f6zenilen,<br>standard\u0131 belirleyen,<br>de\u011fi\u015fim ve geli\u015fime liderlik eden,<br>zaman\u0131 ve kaynaklar\u0131 verimli kullanan,<br>sekt\u00f6r\u00fcnde ilk akla gelen \u015eirket olmak.<\/p>\n\n\n\n<p><\/p>\n\n\n\n<p><strong>Misyonumuz,<\/strong><\/p>\n\n\n\n<p>Ald\u0131\u011f\u0131 her i\u015fe de\u011fer katan,<br>\u00c7al\u0131\u015fmas\u0131yla ilham veren,<br>Her zaman tercih edilen,<br>Performans\u0131na ve insan kayna\u011f\u0131na \u00f6zenilen,<br>Yapt\u0131\u011f\u0131 i\u015fte standard\u0131 belirleyen,<br>De\u011fi\u015fim ve geli\u015fime liderlik eden,<br>Zaman\u0131 ve kaynaklar\u0131 verimli kullanan,<br>k\u00fcresel \u00f6l\u00e7ekte sekt\u00f6r\u00fcnde ilk akla gelen \u015eirket olmak.<\/p>\n","protected":false},"excerpt":{"rendered":"<p>Vizyonumuz, De\u011fer katan,ilham veren,tercih edilen,performans\u0131na ve insan kayna\u011f\u0131na \u00f6zenilen,standard\u0131 belirleyen,de\u011fi\u015fim ve geli\u015fime liderlik eden,zaman\u0131 ve kaynaklar\u0131 verimli kullanan,sekt\u00f6r\u00fcnde ilk akla gelen \u015eirket olmak. Misyonumuz, Ald\u0131\u011f\u0131 her i\u015fe de\u011fer katan,\u00c7al\u0131\u015fmas\u0131yla ilham veren,Her zaman tercih edilen,Performans\u0131na ve &hellip;<\/p>\n","protected":false},"author":1,"featured_media":0,"parent":0,"menu_order":0,"comment_status":"closed","ping_status":"closed","template":"","meta":{"_eb_attr":""},"yoast_head":"<!-- This site is optimized with the Yoast SEO plugin v14.9 - https:\/\/yoast.com\/wordpress\/plugins\/seo\/ -->\n<title>Vizyon ve Misyon -<\/title>\n<meta name=\"robots\" content=\"index, follow, max-snippet:-1, max-image-preview:large, max-video-preview:-1\" \/>\n<link rel=\"canonical\" href=\"https:\/\/arefproje.com\/?page_id=33\" \/>\n<meta property=\"og:locale\" content=\"tr_TR\" \/>\n<meta property=\"og:type\" content=\"article\" \/>\n<meta property=\"og:title\" content=\"Vizyon ve Misyon -\" \/>\n<meta property=\"og:description\" content=\"Vizyonumuz, De\u011fer katan,ilham veren,tercih edilen,performans\u0131na ve insan kayna\u011f\u0131na \u00f6zenilen,standard\u0131 belirleyen,de\u011fi\u015fim ve geli\u015fime liderlik eden,zaman\u0131 ve kaynaklar\u0131 verimli kullanan,sekt\u00f6r\u00fcnde ilk akla gelen \u015eirket olmak. Misyonumuz, Ald\u0131\u011f\u0131 her i\u015fe de\u011fer katan,\u00c7al\u0131\u015fmas\u0131yla ilham veren,Her zaman tercih edilen,Performans\u0131na ve &hellip;\" \/>\n<meta property=\"og:url\" content=\"https:\/\/arefproje.com\/?page_id=33\" \/>\n<meta name=\"twitter:card\" content=\"summary_large_image\" \/>\n<script type=\"application\/ld+json\" class=\"yoast-schema-graph\">{\"@context\":\"https:\/\/schema.org\",\"@graph\":[{\"@type\":\"WebSite\",\"@id\":\"https:\/\/arefproje.com\/#website\",\"url\":\"https:\/\/arefproje.com\/\",\"name\":\"\",\"description\":\"Hayal et, d\\u00fc\\u015f\\u00fcn, tasarla, uygula ve takip et\",\"potentialAction\":[{\"@type\":\"SearchAction\",\"target\":\"https:\/\/arefproje.com\/?s={search_term_string}\",\"query-input\":\"required name=search_term_string\"}],\"inLanguage\":\"tr\"},{\"@type\":\"WebPage\",\"@id\":\"https:\/\/arefproje.com\/?page_id=33#webpage\",\"url\":\"https:\/\/arefproje.com\/?page_id=33\",\"name\":\"Vizyon ve Misyon -\",\"isPartOf\":{\"@id\":\"https:\/\/arefproje.com\/#website\"},\"datePublished\":\"2020-08-24T10:35:58+00:00\",\"dateModified\":\"2020-08-24T10:35:58+00:00\",\"inLanguage\":\"tr\",\"potentialAction\":[{\"@type\":\"ReadAction\",\"target\":[\"https:\/\/arefproje.com\/?page_id=33\"]}]}]}<\/script>\n<!-- \/ Yoast SEO plugin. -->","_links":{"self":[{"href":"https:\/\/arefproje.com\/index.php?rest_route=\/wp\/v2\/pages\/33"}],"collection":[{"href":"https:\/\/arefproje.com\/index.php?rest_route=\/wp\/v2\/pages"}],"about":[{"href":"https:\/\/arefproje.com\/index.php?rest_route=\/wp\/v2\/types\/page"}],"author":[{"embeddable":true,"href":"https:\/\/arefproje.com\/index.php?rest_route=\/wp\/v2\/users\/1"}],"replies":[{"embeddable":true,"href":"https:\/\/arefproje.com\/index.php?rest_route=%2Fwp%2Fv2%2Fcomments&post=33"}],"version-history":[{"count":1,"href":"https:\/\/arefproje.com\/index.php?rest_route=\/wp\/v2\/pages\/33\/revisions"}],"predecessor-version":[{"id":34,"href":"https:\/\/arefproje.com\/index.php?rest_route=\/wp\/v2\/pages\/33\/revisions\/34"}],"wp:attachment":[{"href":"https:\/\/arefproje.com\/index.php?rest_route=%2Fwp%2Fv2%2Fmedia&parent=33"}],"curies":[{"name":"wp","href":"https:\/\/api.w.org\/{rel}","templated":true}]}}